e 4, what is 2101 - -11?
2112
In base 3, what is 2022001 - 11?
2021220
In base 10, what is 8 - 334?
-326
In base 4, what is 11231 + 2?
11233
In base 14, what is 4 + -15?
-11
In base 5, what is -434 + 321?
-113
In base 10, what is -146 + 3?
-143
In base 6, what is -1 + -2220?
-2221
In base 8, what is 12 - 130?
-116
In base 8, what is 263 - -5?
270
In base 8, what is 3641 - 0?
3641
In base 12, what is -4 + -240?
-244
In base 5, what is 4 + 200?
204
In base 13, what is -1078 + 5?
-1073
In base 10, what is 3 - 147?
-144
In base 15, what is 11d - 2?
11b
In base 13, what is 34 - 7?
2a
In base 16, what is 108 + -3?
105
In base 14, what is 45 - -2d?
74
In base 6, what is 334 - -3?
341
In base 10, what is 4 + -18?
-14
In base 3, what is 22022 + -1?
22021
In base 13, what is 4 + -34?
-30
In base 11, what is -9a + 2?
-98
In base 6, what is 343 - 4?
335
In base 2, what is 111100 - -11100010?
100011110
In base 9, what is -272 - -3?
-268
In base 11, what is 6 + -437?
-431
In base 15, what is -3 + -6b4?
-6b7
In base 11, what is -4 + 79?
75
In base 5, what is 4 + -31?
-22
In base 4, what is -3 + 200?
131
In base 15, what is -1 + 86?
85
In base 10, what is -39 + 12?
-27
In base 3, what is 0 + -10101?
-10101
In base 4, what is 13 - 1?
12
In base 6, what is 3 + -504?
-501
In base 11, what is 1a4 - 2?
1a2
In base 3, what is -222 - 12110?
-20102
In base 5, what is 4 - -1210?
1214
In base 7, what is -50 - 12?
-62
In base 14, what is 0 + 294?
294
In base 14, what is 1d + -2?
1b
In base 7, what is -3 - 1334?
-1340
In base 10, what is 0 - -33?
33
In base 11, what is 0 + 598?
598
In base 4, what is 21123 - -20?
21203
In base 16, what is b45 + -1?
b44
In base 16, what is -8 + -6?
-e
In base 16, what is -2d - 4?
-31
In base 4, what is 132 + -23?
103
In base 8, what is -1 - -64?
63
In base 14, what is 223 + -4?
21d
In base 5, what is 1211 + 10?
1221
In base 4, what is 30 + 20220?
20310
In base 8, what is 101 - 1?
100
In base 12, what is -2 + -79?
-7b
In base 14, what is 45a5 - -3?
45a8
In base 8, what is -12615 - -1?
-12614
In base 3, what is -10 - -121210?
121200
In base 15, what is 0 + -1b?
-1b
In base 10, what is -216 + -13?
-229
In base 7, what is 35630 - -2?
35632
In base 5, what is 13303 + 1?
13304
In base 10, what is -48 - 4?
-52
In base 16, what is 42e - 4?
42a
In base 2, what is 10 - 101101?
-101011
In base 2, what is -1010011 + 1101?
-1000110
In base 3, what is 12101 + 0?
12101
In base 12, what is 29 + 15?
42
In base 16, what is -9 - 1a?
-23
In base 15, what is -a - -44?
39
In base 8, what is 36 + 20?
56
In base 6, what is 1 - 13?
-12
In base 9, what is 2 + -45?
-43
In base 10, what is 5 - 121?
-116
In base 12, what is -1b2 - 73?
-265
In base 13, what is 26 + 2?
28
In base 13, what is 3 + 73?
76
In base 14, what is -2b1 - -5?
-2aa
In base 4, what is -21 - -3101?
3020
In base 10, what is 76 + 8?
84
In base 5, what is 1002112 + 3?
1002120
In base 12, what is -85 - 0?
-85
In base 8, what is 2 - 1627?
-1625
In base 15, what is 7ed2 + 2?
7ed4
In base 8, what is 1662 + -1?
1661
In base 8, what is 3 + -3?
0
In base 12, what is -18 - -4?
-14
In base 3, what is -12 - 11020?
-11102
In base 13, what is -5 - 128?
-130
In base 10, what is -4 + -57?
-61
In base 12, what is -403 - -1?
-402
In base 14, what is c11 + -2?
c0d
In base 10, what is 75 + -1?
74
In base 16, what is 89 + -f?
7a
In base 12, what is -2a - aa?
-118
In base 11, what is -4 + -832?
-836
In base 5, what is 1040 - 123?
412
In base 14, what is 5 + -121?
-11a
In base 7, what is -10 + 315?
305
In base 11, what is 0 - -a6?
a6
In base 8, what is -43 - 104?
-147
In base 9, what is 487 - 4?
483
In base 16, what is -9b + 0?
-9b
In base 12, what is -16 + -17?
-31
In base 12, what is -11b - 6?
-125
In base 15, what is -27 - 45?
-6c
In base 6, what is -235 + -104?
-343
In base 3, what is -102 - 212?
-1021
In base 13, what is 1 + 1c4?
1c5
In base 3, what is 10000 + 2211?
12211
In base 8, what is 0 - 116?
-116
In base 3, what is -11 - -11002211?
11002200
In base 2, what is -1111 + -11000?
-100111
In base 14, what is 2 - 37?
-35
In base 7, what is 1646 + 0?
1646
In base 14, what is 2d + -6?
27
In base 15, what is 11 - -40?
51
In base 15, what is 2b6 + 6?
2bc
In base 2, what is -10011100010 + 10?
-10011100000
In base 15, what is -75 + -14?
-89
In base 7, what is -5 + -64?
-102
In base 4, what is 0 - 13131?
-13131
In base 15, what is 1 - 843?
-842
In base 6, what is 154 + -5?
145
In base 7, what is 3 + -510?
-504
In base 7, what is 0 + -1063?
-1063
In base 12, what is 2 - -22b?
231
In base 11, what is -22a + 1?
-229
In base 10, what is 47 - -3?
50
In base 9, what is 105 - -3?
108
In base 8, what is -2 - 5?
-7
In base 4, what is -22010 - 3?
-22013
In base 8, what is -12 - -107?
75
In base 5, what is 14 - 42?
-23
In base 7, what is -6342 - 3?
-6345
In base 16, what is -4 + -30?
-34
In base 16, what is 2 + 41?
43
In base 5, what is -3 - 233?
-241
In base 9, what is -264 - 40?
-314
In base 16, what is 7e + -4?
7a
In base 5, what is -1013 + 24?
-434
In base 7, what is -23 + 110?
54
In base 8, what is 5 + 205?
212
In base 16, what is 18 + -1dc?
-1c4
In base 8, what is 4 + -42?
-36
In base 14, what is -75 + -8?
-7d
In base 12, what is 2b - 40?
-11
In base 12, what is -1 + -99?
-9a
In base 15, what is 3 + -129?
-126
In base 4, what is -3303002 - 0?
-3303002
In base 15, what is e - a3?
-94
In base 7, what is -31 - 11?
-42
In base 6, what is 4503 - 1?
4502
In base 2, what is -111 + -10000?
-10111
In base 2, what is -111010 + -1001?
-1000011
In base 13, what is -563 - -5?
-55b
In base 11, what is 1274 + 1?
1275
In base 10, what is -19 + -38?
-57
In base 5, what is -32 - 2?
-34
In base 9, what is 144 - 10?
134
In base 12, what is 12b48 - -2?
12b4a
In base 16, what is -10 - -3?
-d
In base 6, what is -2 + 1?
-1
In base 7, what is -66 + 25?
-41
In base 6, what is 1 - 4021?
-4020
In base 13, what is 4 - 6a?
-66
In base 6, what is 14 + -3?
11
In base 12, what is b87 + -3?
b84
In base 5, what is 1004 - 4?
1000
In base 8, what is 5245 + 3?
5250
In base 12, what is -17 + 7?
-10
In base 7, what is 640 - -2?
642
In base 4, what is 32 - 1213?
-1121
In base 13, what is 215 + -4?
211
In base 2, what is 101110 - 10000?
11110
In base 9, what is 247 + -6?
241
In base 3, what is -11 - -1110?
1022
In base 3, what is -20021 + 10?
-20011
In base 13, what is -53 - 6?
-59
In base 6, what is 32 - -30?
102
In base 15, what is -4 + -10?
-14
In base 10, what is 352 + -2?
350
In base 8, what is -5 + -7235?
-7242
In base 11, what is -a3 + -2?
-a5
In base 6, what is 1 + 432?
433
In base 4, what is 22 + -32213?
-32131
In base 6, what is -1142 - 4?
-1150
In base 6, what is 532 - 5?
523
In base 4, what is -1 + 200032?
200031
In base 16, what is -78 + 0?
-78
In base 8, what is 20 - 1100?
-1060
In base 4, what is -31 + 133?
102
In base 6, what is 225 - 0?
225
In base 2, what is 1011000 + 100?
1011100
In base 5, what is -33443 + -10?
-34003
In base 11, what is 141 - -5?
146
In base 12, what is -200 + -27?
-227
In base 6, what is 12 - -431?
443
In base 16, what is -28 + -24?
-4c
In base 4, what is 21211 + -3?
21202
In base 4, what is 2210202 + -2?
2210200
In base 5, what is 34 - -121?
210
In base 9, what is -2 + 57?
55
In base 13, what is 2 + -37c?
-37a
In base 2, what is 11010001 + 100000?
11110001
In base 8, what is 0 + 202?
202
In base 14, what is 6 - -45b?
463
In base 12, what is 43 - -50?
93
In base 9, what is -277 - 35?
-323
In base 7, what is 0 - 1632?
-1632
In base 5, what is -3 + -33040?
-33043
In base 9, what is 3 + -36?
-33
In base 13, what is -3 + -58?
-5b
In base 15, what is -1 - 49c?
-49d
In base 13, what is -23 + 9?
-17
In base 15, what is -39 - 5?
-3e
In base 12, what is 828 + -3?
825
In base 14, what is -6 - 12?
-18
In base 4, what is -132 - -132?
0
In base 14, what is 2 + 96c?
970
In base 16, what is 1fa - -14?
20e
In base 15, what is 8 + -278?
-270
In base 10, what is -11 + 18?
7
In base 6, what is 52 + -15?
33
In base 16, what is -29 - a?
-33
In base 7, what is 2 + -153?
-151
In base 2, what is 11010 + 1010?
100100
In base 12, what is 294 + -a?
286
In base 8, what is 10 + -154?
-144
In base 9, what is -1324 + -2?
-1326
In base 8, what is 243 - -4?
247
In base 13, what is 5 - -652?
657
In base 13, what is 52 - -4?
56
In base 4, what is -10 + 3013?
3